3 (base 7) to base 3.
2001020121012
101001111010110111 (base 2) to base 13
601cc
Convert -1030100312 (base 4) to base 12.
-130932
Convert 6576cc (base 13) to base 3.
11111021112000
-2133200201 (base 4) to base 3
-1020012012222
What is -23ab3e (base 16) in base 10?
-2337598
Convert 12101002020 (base 3) to base 12.
51259
-11211101112110 (base 3) to base 7
-30546264
-121021 (base 10) to base 11
-82a1a
Convert -cbbbe3 (base 16) to base 12.
-457a96b
Convert 3403550 (base 6) to base 14.
4692a
210300332 (base 4) to base 6
3121102
Convert 9922 (base 14) to base 13.
c099
-10b49b (base 16) to base 4
-10023102123
What is -68188 (base 9) in base 3?
-2022012222
-6175726 (base 8) to base 7
-16626366
Convert 2542600 (base 8) to base 7.
6000035
What is 307bc59 (base 13) in base 11?
8335338
14432 (base 12) to base 14
a42a
What is -11001111110001011110 (base 2) in base 8?
-3176136
a546a0 (base 11) to base 6
100115255
Convert 1351530014 (base 6) to base 13.
3595444
What is 68721 (base 11) in base 10?
99364
What is 16b57b7 (base 14) in base 9?
23051631
Convert 2462379 (base 11) to base 5.
2043401113
Convert -310767 (base 11) to base 6.
-14404510
What is -1413155 (base 8) in base 16?
-6166d
2420321333 (base 5) to base 9
11538827
20ed25 (base 16) to base 13
5a7254
What is -5e7a2c (base 15) in base 5?
-2130002132
What is 2112316 (base 7) in base 8?
762570
Convert -434155 (base 8) to base 7.
-1144151
What is 3023230122 (base 4) in base 13?
2329b3
-16950 (base 15) to base 16
-11d0f
What is -330221 (base 4) in base 12?
-22b5
620912 (base 10) to base 9
1145652
-21001210211 (base 3) to base 10
-139099
Convert 11011100000100011011 (base 2) to base 6.
31153055
-21210110211 (base 3) to base 9
-253424
Convert 1446152 (base 7) to base 5.
22243000
What is 2747410 (base 8) in base 16?
bcf08
Convert -23619b8 (base 12) to base 6.
-402422352
What is -b5742e (base 16) in base 11?
-67924aa
What is -821158 (base 9) in base 5?
-111031002
Convert 112666 (base 10) to base 7.
646321
Convert -302 (base 6) to base 7.
-215
-32667 (base 13) to base 5
-10404201
What is -a27a (base 14) in base 15?
-842a
Convert -734942 (base 13) to base 8.
-12217671
Convert -2738803 (base 12) to base 15.
-a3d689
-5434535 (base 6) to base 15
-54c0e
-620c (base 16) to base 2
-110001000001100
-101010111111111110 (base 2) to base 15
-372bb
What is -1996b (base 13) in base 8?
-141430
What is -2043a80 (base 14) in base 8?
-72044400
What is 642540 (base 10) in base 6?
21434420
What is -3500 (base 6) in base 2?
-1100111100
What is -36487 (base 11) in base 12?
-26460
Convert -448a2 (base 13) to base 15.
-26d61
20021000012011 (base 3) to base 5
1322422231
What is -14671414 (base 9) in base 2?
-11011111000101011000100
-17c759 (base 16) to base 5
-344331421
Convert 3b96d (base 15) to base 16.
2ea98
365230 (base 9) to base 2
110101110010111011
Convert -16846 (base 16) to base 5.
-10422410
2102b18 (base 14) to base 13
330488c
-33335041 (base 6) to base 3
-1220012211221
105412 (base 11) to base 5
20340303
-1445046 (base 10) to base 8
-5406266
-67068 (base 9) to base 4
-22313303
-10110111110000011 (base 2) to base 16
-16f83
What is 1111111222 (base 4) in base 2?
1010101010101101010
Convert -10010110101010 (base 2) to base 4.
-2112222
2643646 (base 7) to base 15
6cca1
-210201222102110 (base 3) to base 13
-25169bb
2a81a3 (base 11) to base 7
4034436
-312a1 (base 13) to base 16
-1591d
83b0 (base 13) to base 14
68dc
What is -9080d (base 14) in base 5?
-42103300
-68186 (base 15) to base 13
-b7924
Convert -42235441 (base 6) to base 7.
-13325632
-221121002002 (base 3) to base 2
-1111010111111110011
What is -1a3303 (base 13) in base 14?
-133dac
Convert 2210200303 (base 4) to base 3.
1021020100011
542445 (base 8) to base 9
306022
What is e8e6 (base 16) in base 10?
59622
What is 330222341 (base 5) in base 15?
1cded1
-1285bb (base 15) to base 9
-1604335
210030313 (base 4) to base 8
441467
502425 (base 7) to base 6
1453120
113323030 (base 4) to base 14
279da
What is 2201120222 (base 3) in base 12?
27068
Convert 12211021221 (base 3) to base 16.
1bfeb
What is -2797390 (base 10) in base 14?
-52b658
What is -410611 (base 9) in base 8?
-733065
What is -107c98 (base 14) in base 10?
-559518
Convert 189467 (base 10) to base 4.
232100123
Convert 40404050 (base 6) to base 2.
100011001001011111110
Convert -111032011 (base 4) to base 9.
-142204
-1339744 (base 11) to base 14
-44255d
-35545554 (base 6) to base 5
-241242241
39508 (base 10) to base 12
1aa44
What is -1417105 (base 8) in base 10?
-400965
What is -402304221 (base 5) in base 4?
-12013201212
What is -1754125 (base 8) in base 10?
-514133
Convert 176372 (base 8) to base 4.
33303322
What is 11111110101110000111111 (base 2) in base 5?
4114043222
Convert -95774 (base 11) to base 14.
-38ada
Convert 5c761 (base 13) to base 11.
107058
11110111110111110 (base 2) to base 9
213071
What is -187374 (base 9) in base 3?
-12221102111
Convert 2499414 (base 11) to base 2.
10000100001100000110101
-45a4a0 (base 11) to base 14
-150729
Convert 18a93 (base 12) to base 7.
210165
What is 2111236 (base 10) in base 8?
10033404
-512440 (base 9) to base 11
-198132
What is -15522e (base 16) in base 10?
-1397294
What is 124c7 (base 16) in base 13?
28166
Convert -112718 (base 9) to base 10.
-67652
What is -712562 (base 8) in base 16?
-39572
-25054 (base 16) to base 9
-251004
What is -100210024 (base 5) in base 10?
-397514
-149a1c2 (base 13) to base 3
-110101212121020
What is -335513050 (base 6) in base 7?
-103204110
10233141 (base 5) to base 12
421a7
-24201440 (base 5) to base 3
-102102222102
54086 (base 13) to base 15
2ee38
Convert -1a6a8 (base 14) to base 7.
-366601
Convert 136487 (base 15) to base 14.
1a3bb1
Convert 1000000010011001101101 (base 2) to base 12.
8573a5
Convert 5077344 (base 8) to base 9.
2466468
Convert -10114c6 (base 14) to base 8.
-34704306
What is -bd62c (base 14) in base 6?
-13503052
What is -37523440 (base 8) in base 2?
-11111101010011100100000
What is 15c326 (base 15) in base 10?
1053711
120626 (base 10) to base 5
12330001
What is 101154 (base 13) in base 6?
12002120
What is -1032256 (base 7) in base 8?
-365355
-6504558 (base 10) to base 13
-1469868
Convert -5061215 (base 7) to base 6.
-20532052
Convert -3115681 (base 9) to base 14.
-31466d
Convert -12514555 (base 8) to base 3.
-12020211121121
131303311102 (base 4) to base 3
112201000110021
What is -1000000100010100100 (base 2) in base 8?
-1004244
What is 3253464 (base 8) in base 15?
1240b2
Convert 2620211 (base 8) to base 11.
458972
Convert -132021323 (base 4) to base 5.
-12423030
What is -1450341 (base 6) in base 13?
-2c533
30210014 (base 6) to base 3
1121112010101
520453 (base 6) to base 16
a2b1
What is 24115021 (base 9) in base 16?
b37550
-258b45 (base 12) to base 11
-391462
What is -1001101010010110110 (base 2) in base 7?
-2456012
What is 271276 (base 8) in base 11?
65342
What is -27b07a (base 14) in base 11?
-859a46
Convert 7627213 (base 8) to base 4.
13302322023
96789 (base 10) to base 4
113220111
Convert -71333 (base 9) to base 4.
-23131101
Convert -1564630 (base 7) to base 13.
-78181
-3b0403 (base 12) to base 13
-281b32
311555 (base 7) to base 8
150312
4c136 (base 14) to base 10
186836
What is 1313223033 (base 4) in base 13?
142170
-1668d5 (base 15) to base 5
-234213000
Convert 2806131 (base 9) to base 15.
206357
What is -23860 (base 13) in base 10?
-65143
What is 102748 (base 9) in base 2?
1110111010111110
What is 596673 (base 13) in base 2?
1000000111011110111100
-10011011110110010001100 (base 2) to base 16
-4dec8c
Convert -4a936 (base 13) to base 6.
-2541512
What is 1cb0094 (base 14) in base 12?
49a8a6a
What is -1412140 (base 10) in base 15?
-1cd62a
44042116 (base 7) to base 5
1431300440
-22120011020 (base 4) to base 3
-12010012020102
What is -5256304 (base 7) in base 9?
-1168467
Convert 128614 (base 14) to base 8.
2335552
Convert 19b8034 (base 12) to base 3.
101021202220111
Convert -55340 (base 12) to base 6.
-2230120
11667426 (base 8) to base 5
1130144332
What is -a3593 (base 13) in base 9?
-486130
What is 5238978 (base 10) in base 5?
2320121403
What is -30453231 (base 7) in base 8?
-11566343
What is -19837 (base 16) in base 5?
-11321003
-d17d29 (base 14) to base 2
-11010111001101010010001
-10002450 (base 6) to base 12
-116426
Conve